18
Let q(f) = 55*f**2 + f - 93. Let d(l) = 13*l**2 - 23. Let k(r) = -17*d(r) + 4*q(r). Determine k(-3).
-2
Let n(o) = -38*o - 163. Suppose 4*r = 4*v - 2*v + 6, 3*r + 8 = -v. What is n(v)?
27
Let c(j) = j**2 - 2*j + 3. Let u(a) = -4*a**2 + 26*a - 28. Let p(m) = -2*c(m) - u(m). Determine p(10).
2
Let f(m) = 3*m + 7. Let c(v) = v + 3. Let s(i) = 10*c(i) - 4*f(i). Let g be 6/(-15) + 48/20. Let a be s(g). Let y(j) = -j**2 - 2*j - 3. Calculate y(a).
-3
Let v be 0 - -1 - 0 - 222/(-6). Let l = v + -31. Let t(y) = 5*y**3 - 10 + 5*y**3 + l*y**2 - 10*y - 9*y**3. What is t(-8)?
6
Suppose 133*y - 128*y + 20 = 0. Let d be (3 + 7/(-21))/(y/(-6)). Let x(m) = -m**3 + 4*m**2 + 3*m + 4. What is x(d)?
16
Let i = -159 - -166. Let r(d) = 3*d**2 - 15*d - 8. Calculate r(i).
34
Let u(s) = -5*s**2 + 93*s + 34. Let x be u(19). Let v(w) = 1 + 13*w - 34*w - 2*w**2 + 7*w + 17*w. Determine v(x).
-43
Let h be 968/(-55) - (-16)/(-40). Let p(d) = -d**2 - 18*d - 1. Determine p(h).
-1
Let z(x) = x**3 + 9*x**2 + 8*x - 6. Suppose f = 2*o + o + 29, 3*f = -3*o + 51. Suppose 16 = f*j - 22*j. Give z(j).
-6
Let i(r) = -r**2 + 4*r + 111. Let z be i(13). Let v(j) = 3*j**2 + 18*j + 4. Calculate v(z).
4
Let y be 0/(4/12*-3). Suppose y = -6*j + 135 + 39. Let r = -32 + j. Let h(m) = -2*m - 3. What is h(r)?
3
Suppose 0 = 4*m, 3*i + 70*m - 6 = i + 65*m. Let q(x) = -x - 1. Let p(c) = 3*c**2 - 6*c - 9. Let f(z) = -p(z) + 6*q(z). Give f(i).
-24
Let u(d) be the second derivative of -d**5/10 + 23*d**4/12 - 7*d**3/6 - 49*d**2/2 - 4*d + 1510. Determine u(11).
-5
Let v = -6 + 4. Let t(y) = 3 - 2*y + 0 - 4. Let j be t(v). Let z(u) = u**3 - 2*u**2 - 2. What is z(j)?
7
Let x(z) = -z**3 + 6*z**2 - 7. Let q be x(6). Let r(p) be the third derivative of -p**6/120 - 7*p**5/60 - p**4/8 - 5*p**3/3 + 16155*p**2. Give r(q).
11
Let t(i) be the second derivative of -i**5/60 + i**4/24 + i**3/2 + 89*i**2/2 - 170*i. Let o(v) be the first derivative of t(v). What is o(4)?
-9
Let o(v) be the first derivative of -55*v**2/2 - 389*v + 7243. Determine o(-7).
-4
Let q(a) = -37*a**2 + 28*a + 13. Let p(u) = 210*u**2 - 165*u - 79. Let c(d) = 6*p(d) + 34*q(d). Calculate c(20).
8
Let o(w) = -2*w. Let p(l) = -6*l + 18. Let x(s) = 2*o(s) - p(s). Let g be (33 - 24)/((-1)/(2/(-3))). Determine x(g).
-6
Let h be (0/(-1))/(13 + -14). Let j be (-2)/(9 + -3) - (-14)/6. Let n(o) = 105 + o**j - 111 + 0*o**2. Determine n(h).
-6
Let c(t) be the second derivative of t**4/12 + 5*t**3/6 - 5*t**2/2 + 34*t. Suppose 0 = 7*r - 3*r + 24. Calculate c(r).
1
Let g be (3/2 - (-1287)/286) + 0. Let u(d) = -2*d**3 + 10*d**2 + 19*d - 42. Calculate u(g).
0
Let z(j) be the third derivative of -j**6/60 - j**5/15 - 5*j**4/24 - 2*j**3/3 - 508*j**2. Give z(-3).
29
Let l(g) = -15*g + 27*g**2 + 31 + 0*g - 46*g**2 + 10 + 20*g**2. Determine l(11).
-3
Let k(q) = -9*q - 5. Let d(u) = 8*u + 4. Let z(m) = 4*d(m) + 3*k(m). Suppose 0 = -10*w + 8*w + 12. Suppose 24 = w*c - 0. Calculate z(c).
21
Suppose -5*i - 4*n = -15, 2*i = i + 2*n + 17. Let j be (-11)/66 + 86/12. Let g(y) = -6*y**2 - j - y**3 + 6*y**2 + 3*y + 7*y**2. Calculate g(i).
14
Let u(j) be the third derivative of 0*j - 5/24*j**4 + 9*j**2 + 0 + 0*j**3. Let o(p) = p + 5. Let s be o(-3). Determine u(s).
-10
Suppose 0 = -19*g + 4*g. Let s(o) = -o**2 - 18*o + 1. Let f be s(g). Let x(i) be the second derivative of -4*i**4/3 - i**3/6 + i**2/2 + 2*i. Give x(f).
-16
Let v(o) = -2*o**3 - 11*o**2 + 9*o + 33. Let t be v(-6). Let p(m) = -36 + 14 - 3*m + t + 10. Calculate p(10).
-27
Suppose 5*d = 38 - 3. Let y(i) = d*i + 0*i**2 + 19 - i**2 - 28. Calculate y(4).
3
Let l(g) = -g**2 + 5*g - 21. Let z(h) = 424*h + 2551. Let y be z(-6). Give l(y).
-35
Let m(d) = -8*d**2 + 2*d - 82. Let f(g) = 10*g**2 - 2*g + 83. Let c(o) = -5*f(o) - 6*m(o). Let y(s) be the first derivative of c(s). What is y(3)?
-14
Let f(a) be the first derivative of 3/2*a**2 + 2/3*a**3 + 17 + a. What is f(-3)?
10
Let u be (8*3)/((-355)/426*(-36)/15). Let a(t) = -t**3 + 13*t**2 - 14*t + 19. What is a(u)?
-5
Let j(h) = -36*h**2 + 210*h - 14. Let u(l) = -72*l**2 + 416*l - 31. Let b(f) = 5*j(f) - 2*u(f). Give b(6).
4
Let t be (4 - -3) + -3 + 0. Suppose 0 = t*b - x - 18, 0 = 3*b - x - x - 11. Let q(a) = 4*a + b*a + 0*a - 1 + 2. Calculate q(-1).
-8
Let w be 2*(-3)/2 + 20. Let v(p) = -45*p + 31*p - 5*p**2 - 26 + 6*p**2 - 16. Determine v(w).
9
Suppose 4*u + p = 152, -2*u = 6*p - p - 94. Suppose 3*t + 5*l = 29, -6*l + 11*l = -4*t + u. Let i(n) = -n**2 + 7*n + 5. What is i(t)?
-3
Let h(b) be the first derivative of b**2 + 24*b + 2565. Determine h(-10).
4
Let c(q) = 2*q**2 - 13*q - 1. Let d(u) = 3*u**2 - 26*u - 3. Let n(y) = 5*c(y) - 3*d(y). Let f be 0 + 0 + (-13 + 2 - 2). Determine n(f).
4
Let z(h) = -6*h - 76. Let v(r) = -r - 22. Let o(g) = -5*v(g) + z(g). Calculate o(4).
30
Let p(j) = 11*j**3 + 3*j**3 - 8 - 5*j**2 - 7*j**3 - 6*j**3 - j - 5*j. Let n be 64/10 + (-6)/15. Determine p(n).
-8
Let g(x) be the second derivative of -x**5/20 + 3*x**4/4 - 7*x**3/3 + 13*x**2/2 - 5253*x. Calculate g(8).
-35
Let q(a) = -a**2 + 26. Let z be (-1 - (3 - 3))*-6. Let m be (-65)/(-39) + 2/z. Suppose m*p + 2*p = -p. Give q(p).
26
Let b(d) = -53*d**2 - 3*d + 7 - 45*d**2 - 5*d + 99*d**2 - 7*d. Give b(13).
-19
Let i(p) = -p - 10. Suppose 19 = 4*d - o + 2*o, 0 = 2*d - 4*o - 14. Suppose d*j - y - 44 = 0, -3*j + 23 = -2*y - 2*y. Let c be j/12 - (-9)/(-12). Give i(c).
-10
Let y(u) be the first derivative of -u**2/2 + 10*u + 50392. Suppose -2*t + 5 = -13. Give y(t).
1
Suppose 25*r - 45*r + 100 = 0. Let d(i) = -i**3 + 6*i**2 - 6*i + 4. Give d(r).
-1
Let w(q) be the first derivative of 2*q - 40 - 1/3*q**3 - 3/2*q**2. What is w(-2)?
4
Suppose 17*f = 11*f - 144. Let j = -23 - f. Let g(i) = 29*i**2 + 3*i. Let k(s) = -14*s**2 - s. Let p(o) = -2*g(o) - 5*k(o). Calculate p(j).
11
Let q(z) = 16 + 4*z - 23 - 12 - 2*z**2 + 8*z. Calculate q(5).
-9
Let x(l) = -l**3 - 2*l**2 - 2*l - 2. Let a be (-10)/(-105)*3*(0 + -14)/2. Calculate x(a).
2
Let g(i) = -i**2 - 6*i - 5. Let n be g(-5). Let l(d) = 0*d + d + 10 + n. Suppose -323 + 35 - 32 = 40*b. Give l(b).
2
Let n(h) = 6*h**3 - h**2 - 8*h - 8. Suppose -74*i + 84*i + 10 = 0. Calculate n(i).
-7
Let j = 8 + -5. Let u = j - 11. Let z(r) be the second derivative of r**5/20 + 3*r**4/4 + 4*r**3/3 + 3*r**2/2 - 3498*r. Calculate z(u).
3
Let c(w) = w**3 - 4*w**2 - 9*w + 13. Let i(f) = 294*f + 2063. Let n be i(-7). Determine c(n).
-7
Let a(s) = 6075592*s + 0 - 6075599*s - 25. Determine a(-8).
31
Let c(z) = 22*z - 2. Suppose -7*w + 20*t = 17*t - 22, -t = -2. Give c(w).
86
Suppose 0 = -5*d - 25 - 5. Let p(a) = -4*a**2 - a + 7. Let q(b) = -5*b**2 - b + 8. Let t(j) = d*p(j) + 5*q(j). What is t(2)?
-4
Let t(m) = 18*m**3 - 41*m**2 - 136*m + 48. Let x(z) = 7*z**3 - 20*z**2 - 67*z + 25. Let c(v) = -2*t(v) + 5*x(v). Give c(-13).
3
Suppose 0 = x - 0 - 8. Let z(u) = 4*u**3 - 10*u**2 + 9. Let t(j) = -3*j**3 + 9*j**2 + 3*j - 10. Let k(w) = -3*t(w) - 2*z(w). Calculate k(x).
4
Let n(c) be the first derivative of c**2 - c + 39. Let y(x) = 3*x**2 - 2*x - 2. Let w(t) = -2*n(t) - y(t). Calculate w(-3).
-17
Suppose -5*d = -2*k - 52, -81*d + 4*k - 64 = -85*d. Let c(z) = -2*z**3 + 23*z**2 + 10*z + 14. What is c(d)?
-10
Let m(x) be the third derivative of -x**4/24 + 5*x**3/6 - 5*x**2. Let p(y) = -2*y**2 + 4*y - 29. Let d be p(6). Let c = d - -81. What is m(c)?
1
Let o(a) be the second derivative of a**4/6 - 5*a**3/2 + a**2 - 3*a - 63. Calculate o(9).
29
Suppose -2*r + 2*a + 22 = 0, -r - 3*r + 2*a = -40. Let j(f) = r - 101*f - 95*f + 195*f. Give j(-7).
16
Let y(h) = -12*h + 27*h - 12 - 21*h - 31 + 13. What is y(-5)?
0
Let y(t) = -15*t + 82 - 219 - 3*t - 24. What is y(-9)?
1
Let l(f) = -f**2 + 15*f - 25. Suppose 4*o = 6*o + 2*v - 12, -10 = 2*v. What is l(o)?
19
Let n(h) = 3 + 2*h**2 + 4*h**2 - 3*h**2 + 3 - 38*h**3 - 13*h + 39*h**3. Calculate n(-6).
-24
Let d(p) = -2*p**2 + 3*p. Let r(x) = -8*x**2 + 13*x. Let z(n) = 9*d(n) - 2*r(n). Suppose 83*w + 18 = 85*w. Suppose -w*a = -36*a + 54. Determine z(a).
-6
Let m(t) = -5*t**3 + t**2 - 11. Let y be m(-4). Let r = y - 331. Let s(h) = -h**3 - 7*h**2 - 7*h + 6. Give s(r).
12
Let g(l) = 3*l - 25 + 33 - 20. Give g(11).
21
Let b(c) = 2*c**2 - 6*c. Let f(p) = -3*p**2 + 8*p. Let j(l) = 8*b(l) + 5*f(l). Suppose 1 = -w - 4*n + n, -5*w + 27 = -n. Determine j(w).
-1